. Let f(w) = 6*w - 6. List the prime factors of f(q).
2, 3
Suppose -3*u = -0*u, -5*j + 4*u = 15. Let n be (j - (-52)/16)*4. What are the prime factors of (n - 2)/(1/(-7))?
7
Suppose 14 = s + 1. Let t(i) = -3*i**2 - 2*i**2 + 5 + i**2 - 4*i + s*i**3 - 12*i**3. List the prime factors of t(5).
2, 5
Let g = -6 + 49. Let o = g + -74. Let s = -18 - o. What are the prime factors of s?
13
Let a = 10 - 15. Let b = 8 + a. List the prime factors of (b/5)/((-4)/(-40)).
2, 3
Suppose 8*o + 341 = -811. Let r = o + 233. What are the prime factors of r?
89
Let q = 273 - 108. Suppose -q + 47 = -2*y - 2*t, 120 = 2*y + t. List the prime factors of y.
61
Suppose 25*r - 4522 = 18*r. What are the prime factors of r?
2, 17, 19
Let z be -20 + (-1 - -2) - 1. Let a = 723 - 396. What are the prime factors of 5/z + a/12?
3
Suppose 0*f - 9237 = -5*y - 4*f, -5*y + 2*f + 9219 = 0. What are the prime factors of y?
3, 5, 41
Let n(j) = 6*j - 26. Let o be n(15). Let c = 4 - -6. Suppose -u = 5*x - 22 - c, 2*u = -3*x + o. List the prime factors of u.
2
Let m be 1/(5/10) - -194. What are the prime factors of (-1)/(-1*4/m)?
7
Let d = -374 + 1121. What are the prime factors of d?
3, 83
Let f(h) be the second derivative of h**4/12 + 3*h**3/2 - 2*h**2 - 5*h. Let c be f(-9). List the prime factors of ((-23)/(-4))/((-1)/c).
23
Suppose 0 = 71*x - 66*x - 3525. List the prime factors of x.
3, 5, 47
Let n(x) = x**3 + 4*x**2 - 6*x - 3. Let m be n(-5). Let b be m + -3 - (-1 + -3). Suppose 3*p + f - 95 = 0, -b*p + f - 126 = -7*p. List the prime factors of p.
31
Let w(j) = 2*j + 26. Let a be w(-13). Let f(l) = a*l + 8*l - 22 + 8. What are the prime factors of f(7)?
2, 3, 7
Let c = 324 - 281. What are the prime factors of c?
43
Let f(r) = -r**3 - 2*r**2 - r + 15. Let o be f(0). Suppose -o = -5*w, -4*q + 5*w - w = -332. What are the prime factors of q?
2, 43
Let f(r) = -13*r**3 + 4*r**2 + 3*r - 3. Let u(n) = -12*n**3 + 3*n**2 + 2*n - 3. Let y(s) = -6*f(s) + 7*u(s). What are the prime factors of y(-3)?
2, 3
Suppose 82*z - 18902 = 69*z. What are the prime factors of z?
2, 727
Suppose -5*g = 2*b - 42, 2*g + 30 = 3*b - 2*b. Let n = -2 + 16. Let l = b - n. What are the prime factors of l?
2, 3
What are the prime factors of (-4)/(-8)*-4*-2 - -491?
3, 5, 11
Suppose 217390 = 101*w - 87933. What are the prime factors of w?
3023
Suppose 136587 = 31*s + 2*s. What are the prime factors of s?
4139
Let q = -4 - 2. Let u(g) = 4*g + 9. Let w be u(q). Let c = w - -31. What are the prime factors of c?
2
What are the prime factors of ((-2)/6*53)/((-151)/17667)?
3, 13, 53
Let d(b) = 48*b + 590. What are the prime factors of d(58)?
2, 7, 241
Let a(p) = p**3 - 13*p**2 + p - 17. Let s be a(13). Let n be (-1 - -111)*(s + 3). What are the prime factors of n/(-6) + (-2)/(-3)?
19
Let n be 206*((-1)/(-7))/((-1)/(-7)). Suppose -t - 3*t - n = -2*a, -5*t = 4*a - 412. List the prime factors of a.
103
Let l(x) = -10*x - 11*x**3 - 3*x**2 + 6 - 3 - 2 + 15*x**3. List the prime factors of l(4).
13
Let x = 2655 + 2019. List the prime factors of x.
2, 3, 19, 41
Suppose -18 = q - 5*c, -c + 30 = 5*q + 4*c. Suppose 4*f + 0*w = q*w + 154, 5*w - 135 = -3*f. What are the prime factors of f?
2, 5
Suppose 3*l = -2*y + 3*y + 751, -3*l = 3*y - 759. What are the prime factors of l?
251
Let u(d) = 69*d - 225. What are the prime factors of u(7)?
2, 3, 43
Let f = 15 - 31. Let q = f + 27. Suppose -w = -5*u + q + 20, 4*u - 4*w = 12. What are the prime factors of u?
7
Let g(q) = -6*q - 11. Let c be g(-10). Let y = c - 69. Let t = 23 - y. List the prime factors of t.
43
Let p(c) = -c**3 + 25*c**2 - 8*c + 21. Let n be p(23). Suppose 3*b + 917 - 170 = 4*v, 5*v = -4*b + n. List the prime factors of v.
3, 61
Let x be 4*1*(220/(-16))/(-1). Let w = x - 15. What are the prime factors of w?
2, 5
Suppose 22*d = 24*d - 124. Suppose -d = 6*v - 8*v. List the prime factors of v.
31
Let q(l) = l - 32. Let v be q(19). Let n = 26 + v. What are the prime factors of 47 + 0 - n/13?
2, 23
Suppose 0 = -4*a + f + 751, -a - 8*f + 196 = -11*f. What are the prime factors of a?
11, 17
Suppose -y + 603 = 3*g, g + y - 208 = 3*y. Suppose 4*w - 8*w = -2*q - g, 4*q - 106 = -2*w. List the prime factors of w.
3, 17
Let x(y) = y**3 + y + 40. Suppose -5*c - 4 = -k, c = -k + 2*k - 4. List the prime factors of x(c).
2, 5
Suppose 0 = -0*g + 5*g. Let d be 0 - g/(-3 - 0). Suppose -3*u - 8 + 2 = -5*k, k - u = d. What are the prime factors of k?
3
Suppose 60 = 14*u - 11*u. Let a = -14 + u. List the prime factors of a.
2, 3
Let g = 480 + 158. List the prime factors of g.
2, 11, 29
Let v = 1055 + -230. What are the prime factors of v?
3, 5, 11
Let z be 2/4*(3 + 1). Let r be (-1 - (-5 + z)) + 1. Suppose 2*o + 9 = r*o. List the prime factors of o.
3
Let i be (28/(-2) - -4)/(2/(-1)). Suppose -3*v + 320 = i*v. List the prime factors of v.
2, 5
Let r(c) be the second derivative of -c**5/20 + 5*c**4/6 + 2*c**3 - 17*c**2/2 - 28*c. List the prime factors of r(10).
103
Suppose -3*c = 3*f + 2*f + 4, 5*f + 5*c + 10 = 0. Let l = 23 - f. Suppose 192 = -l*s + 26*s. List the prime factors of s.
2, 3
Suppose 5*q + y - 2294 = 0, -q = -2*y - 2*y - 442. What are the prime factors of q?
2, 229
Let w = -1 - -15. Let r be (42 + 2)/4 - 2. Let h = r + w. What are the prime factors of h?
23
Let y = 122 + -80. Let b = y - -6. List the prime factors of b.
2, 3
Let r(f) be the first derivative of f**4/4 + 2*f**3 - 7*f**2/2 + 4*f + 5. List the prime factors of r(-7).
2
Suppose 2*v + 4*f = -0*v + 64, 0 = -4*v + f + 128. Suppose 46 + v = 2*y. Suppose 4*x + 2*n = 27 + 9, -5*x - n + y = 0. What are the prime factors of x?
7
List the prime factors of (-52)/104 - (-1)/((-4)/(-258)).
2
Let y(w) = 3*w**2 + 4*w - 5. Let j be y(4). Let t(x) = x**2 - x - 5. Let k be t(3). Suppose -4*u - k = -5*u - 3*g, g - j = -4*u. List the prime factors of u.
2
Let v be 10/(-2)*(-63)/(-15). Let t = v + 93. What are the prime factors of t?
2, 3
Let a(u) = u**3 - 2*u + 49. Let s be a(0). Suppose s = 4*c + 13. Let i = 47 - c. List the prime factors of i.
2, 19
Suppose 2*p - v = 820, -v = -p - 0*p + 408. Suppose -p = 21*a - 25*a. List the prime factors of a.
103
Suppose -6*b - 4*c = -b - 144, 2*b + 5*c - 44 = 0. Suppose 4*w - b = 4*i, -2*w - 4*i - 17 = -3. What are the prime factors of w?
3
Let b(u) = 4*u**2 + 16*u + 32. What are the prime factors of b(-8)?
2, 5
What are the prime factors of (-24 - -8)*(-89)/2?
2, 89
Let j(o) = -5 + 6 - o**2 - 6*o + 0*o**2. Let g be j(-3). What are the prime factors of 4/g - 1830/(-50)?
37
Suppose 5751 = -9*t + 18*t. List the prime factors of t.
3, 71
Suppose -7*q + 13645 = -2*q + 5*p, 0 = q + 2*p - 2733. What are the prime factors of q?
5, 109
Let c(h) = 60*h - 7. Suppose 2*t = -5*y + 3, 4*y + 3*t - 7 = 6*t. What are the prime factors of c(y)?
53
Let r(i) = -4 - 3 - 3*i - 5*i + 0*i**2 - i**2. Let h be r(-6). Let n = 23 + h. List the prime factors of n.
2, 7
Let m(l) = -63*l**3 - l**2 + 3*l + 2. Let c be m(-2). Suppose -9*n + c = -5*n. Suppose -7*y + n = -5*y. List the prime factors of y.
2, 31
Let o = 5270 + -1924. List the prime factors of o.
2, 7, 239
Let i be (-2)/(((-16)/(-6))/(-4)). Suppose 3*g - 12 = -i*g. List the prime factors of 105/g + 3/6.
53
Suppose -v - 5*z - 1 - 13 = 0, 0 = 3*v + z + 42. What are the prime factors of (-14)/49 - 970/v?
3, 23
Let n = -568 - -1307. List the prime factors of n.
739
Let g(m) = -2 - 5*m - 7*m + 3 + 0*m. Let q be g(-6). Suppose 3*c - 14 - q = 0. What are the prime factors of c?
29
Let o = 264 + 121. What are the prime factors of o?
5, 7, 11
Let z be 4*((-21)/(-6))/7 + 7. Let b(u) = u**3 - 9*u**2 + u + 22. List the prime factors of b(z).
31
Suppose 3*x = 18 + 21. Suppose 4*a + 2*d = 2*a - 4, 4*a + x = d. What are the prime factors of ((-22)/4)/(a/6)?
11
Let q(u) = 55*u**2 - 4*u + 7. List the prime factors of q(-2).
5, 47
Suppose 2*r + 528 = 4*z, -4*z + z + 401 = r. Suppose -3*l - z = -574. What are the prime factors of l?
3, 7
Suppose m + 3*u + 7 = 0, -6*m + 3*m - 13 = 5*u. What are the prime factors of m*(9/(-15) - (-1476)/(-15))?
3, 11
Let u(h) = -345*h + 1. Let w be u(-1). Suppose 314 = 3*a - w. What are the prime factors of a?
2, 5, 11
Suppose p - 11*s + 10*s - 189 = 0, 975 = 5*p + 5*s. What are the prime factors of p?
2, 3
Suppose -3*t = -16 - 2. Let s = t - -15. What are